tiple of 4?
True
Suppose 17 = 8*v - 7. Suppose 4*o - 8*o + 40 = 5*c, -33 = -4*c - v*o. Suppose -290 = -17*g + c*g. Is g a multiple of 6?
False
Suppose -10*q + 83*q + 12*q = 3874555. Is q a multiple of 79?
True
Let n = -424 + 881. Let b = -177 + n. Does 14 divide b?
True
Let l = 10316 - -1218. Does 79 divide l?
True
Suppose 51*g - 10 = 56*g. Let n(f) = f. Let k(i) = i**2 + i - 51. Let q(w) = g*n(w) + k(w). Does 5 divide q(8)?
True
Let y(i) = 139*i**2 - 57*i + 23. Is y(-8) a multiple of 125?
True
Let h be 3*((-12)/54)/((-1)/6). Suppose 5*o - 204 = a, h*a - 16 = 2*o - 112. Is o a multiple of 4?
True
Does 6 divide 15 + 101/(-7) + (-16190)/(-14)?
False
Suppose 0 = u - 2*u - s - 1, 5*u - s = 19. Let y(k) = k**3 - 5*k**2 + k + 9. Let v be y(u). Let w(m) = m**2 - 8*m - 15. Is w(v) a multiple of 6?
False
Let w(l) = l**3 - 15*l**2 - 17*l + 16. Let x be w(16). Suppose x = -6*v - 837 + 3231. Suppose -r + 137 + 172 = 3*z, 4*z - 3*r - v = 0. Is 18 a factor of z?
False
Let t be (50/(-15))/(1 + (-5)/3). Suppose -3525 = -t*b - 795. Is b a multiple of 39?
True
Suppose -174 - 52836 = -38*r. Is r a multiple of 25?
False
Let i be -4*1/8*40. Is (i/8 - -3)*54 a multiple of 9?
True
Suppose 0 = 9*k - 3*k - 13620. Suppose 7*b - k = 2*b. Suppose 4*s = j - 62, 5*j + s = -165 + b. Is j a multiple of 21?
False
Let o(k) = -247*k + 413. Does 32 divide o(-21)?
True
Let q = -36 + 48. Suppose q*u = 2193 + 8067. Is u a multiple of 95?
True
Let s be 1/(-6) + 37/222. Is 14 a factor of (35 + s)/((-24)/(-96))?
True
Let x(w) = -w**3 + 6*w**2 - 6*w + 3. Let r be x(3). Suppose 2*q = 3*q - 10. Suppose -r*n + q*n = -372. Does 21 divide n?
False
Let x(a) = 13*a**3 - 11*a**2 + 81*a - 1160. Does 19 divide x(13)?
False
Let i(c) = 4*c - 7. Let m be i(3). Suppose -b = -m, -b + 361 = 2*r - 4*b. Suppose 4*g - 5*g = -r. Is 42 a factor of g?
False
Let n(k) be the second derivative of k**5/20 - k**4/12 + 2*k**3/3 + 5*k**2 - 54*k. Suppose 3*y - 19 + 4 = 0. Is n(y) a multiple of 13?
True
Let v(k) = -3*k**3 - 2*k - 11. Let i be v(-4). Suppose 8*y - i = 115. Does 4 divide y?
False
Suppose 93832 - 7647 = 19*i - 76816. Is 30 a factor of i?
False
Let r(g) = 18*g**2 - 65*g - 60. Does 18 divide r(-12)?
True
Suppose 4*l - 4*g - 2237 = 607, 2*l - 1427 = -3*g. Is l a multiple of 17?
False
Let m = -655 - -1576. Is 43 a factor of m?
False
Suppose 0 = -3*o + 3706 - 877. Does 23 divide o?
True
Let q be (-35)/10 + 2 - 978/4. Let k = q - -658. Is k a multiple of 61?
False
Suppose 2*n + 2*n = -3*b + 290, 0 = 3*n - 3*b - 207. Is 24 a factor of (n - 1)*11/((-440)/(-288))?
True
Let f be 36785/10*(-8)/(-2). Suppose -25*m = -f - 13211. Is m a multiple of 73?
False
Let w(a) = 6*a**2 - 13*a - 1. Let f(y) be the third derivative of -y**5/12 + y**4/2 + y**3/3 + 6*y**2. Let r(z) = -5*f(z) - 4*w(z). Does 14 divide r(12)?
True
Is 7 a factor of (-68990)/(-35) + (-340)/(-119)?
True
Let h(b) = -84*b - 28. Let w be h(-8). Let v = 1589 - w. Suppose -23*j = -18*j - v. Is 45 a factor of j?
False
Let z(p) = 14*p**3 - 5*p**2 + 6*p - 7. Suppose -11*t + 51 = 6*t. Does 8 divide z(t)?
True
Suppose -16*c + 66 = 34. Is 120/(-12) + 9 + 2452/c a multiple of 25?
True
Let a = 70528 + -41425. Is 327 a factor of a?
True
Let d(a) = 3247*a**3 - 8*a**2 - 18*a + 35. Is 22 a factor of d(2)?
False
Let c be (-1 - 0 - -1911)/(-12 - -14). Suppose 2*q - c = -5*s, 10*s + 2*q - 382 = 8*s. Is s a multiple of 21?
False
Suppose w - 28 = 3*i - 8*i, -5*w = -4*i + 5. Suppose r + 6 = 5*h, -i*h = 8*r - 3*r. Does 37 divide -15 - -15 - (2 + -39*h)?
True
Suppose 66049 = k + 2*r + 10267, k + 5*r = 55764. Is k a multiple of 34?
True
Let a(h) = 295*h**2 - 41*h + 399. Is a(9) a multiple of 165?
True
Does 16 divide (-99)/(-14 + 3) - -18391?
True
Suppose 22*s - 12236 = -l + 24*s, -2*l = -2*s - 24480. Is l a multiple of 15?
False
Suppose -74*k = -87*k + 25220. Is k a multiple of 5?
True
Suppose -4*v + 4*s = -28, -4*v + 7*s = 11*s + 4. Suppose -155 - 82 = -v*k. Let c = k + -54. Is 9 a factor of c?
False
Let y(a) = -a**3 + 51*a**2 - 321*a - 4. Does 2 divide y(17)?
False
Let b(p) = 11*p**2 + 4*p - 430. Is b(11) a multiple of 5?
True
Suppose 5*f = w - 14, -w = 4*w - 5*f - 10. Let h be 81/12 - w/4. Suppose -2*j = -3*g + 610, -h*j - 620 = -3*g - 3*j. Does 10 divide g?
True
Does 49 divide (-12)/(180/(-75))*57036/15?
True
Suppose 20*f - 2 = 22*f, 37649 = 4*r + 3*f. Is 8 a factor of r?
False
Let l(f) = f**3 + 30*f**2 - 35*f - 130. Let i be l(-31). Is 16 a factor of (-3*(-7)/i)/(1/(-242))?
False
Let w = -630 - -630. Suppose w = 17*i - 21*i + 4028. Does 12 divide i?
False
Let m be (11/5 + -3)/(3/(-30)). Suppose -m*x + 6*x = 0. Suppose x = 3*b - 296 - 28. Does 10 divide b?
False
Suppose -6*c - 198 = 5*c. Let s = c + 21. Suppose 2*b + s = 2*o - 75, 131 = 4*o + b. Does 9 divide o?
False
Let l(q) = q**3 + 14*q**2 - 33*q - 17. Let b be l(-14). Suppose 467 = 2*s - b. Is 19 a factor of s?
True
Let j(y) = -5*y**3 - 2*y**2 - 44*y - 126. Is j(-9) a multiple of 17?
False
Suppose 3*w + a = 19550, -5*w - 3*a + 12407 = -20171. Does 84 divide w?
False
Let w = -3847 - -7039. Is 25 a factor of w?
False
Let g(w) = -2*w**3 - 3*w**2 + 7*w - 14. Let x be g(4). Is 34 a factor of ((-29)/3)/(1 + 165/x)?
False
Suppose -26*u + 10 + 68 = 0. Is (2 + 9 + -20)/(u/(-100)) a multiple of 30?
True
Suppose 12*v = 17*v - 405. Let d = 114 - v. Suppose k + 9 = d. Is 24 a factor of k?
True
Suppose -14*x - 17512 = -27*x - 31*x. Is x a multiple of 4?
False
Let o(k) = -k**2 - 8*k + 19. Let d be o(-9). Let l be (4/d)/((-5)/(-50)). Suppose s - 20 + l = 0. Does 9 divide s?
False
Let h(s) = 4*s + 33. Let z be h(-7). Suppose -2*n = -3*n + 4*k + 276, -5*k - 1305 = -z*n. Does 19 divide n?
False
Suppose 27*t = 18*t. Suppose -2*j + 1047 = c + 202, -2*c + j + 1690 = t. Does 65 divide c?
True
Suppose 5*c + u + 2 = -18, 2*c + 2*u = -8. Let r be (7 + -2)*c/(-10). Suppose 0*v - 2*v = -r*k - 64, 97 = 3*v - 2*k. Is v a multiple of 12?
False
Let o = -109 + 126. Suppose b - j = 171, 19*j = 5*b + o*j - 849. Is 15 a factor of b?
False
Let p(n) = -4*n**3 - 3*n**2. Let d be p(-2). Let c be -95*1/(-2) + 10/d. Let q = c + 116. Does 41 divide q?
True
Let w be (-6)/(-18)*3*32. Suppose 3*a + 11 - w = 0. Suppose 0 = a*b - 4*b - 138. Is b a multiple of 10?
False
Suppose 126477 = -14*g - 204*g + 1439055. Is 118 a factor of g?
False
Suppose -16887 - 14275 = -38*p + 4786. Is p a multiple of 54?
False
Let k = 3974 - 3983. Let v(g) = -105*g - 1. Let x be v(-1). Let p = x + k. Is p a multiple of 14?
False
Let f(y) = y**3 + 10*y**2 + 14*y + 56. Let z be f(-9). Suppose 14*m - z*m = 5*d + 761, -4*d = 4*m - 1004. Does 8 divide m?
False
Is 59 a factor of (-82479)/(-12) - (10 + (-351)/36)?
False
Let r be 485/(-20) + (-1)/(-4). Is (-76 - 2)/(9/r) a multiple of 17?
False
Let p = 670 + 36536. Does 12 divide p?
False
Let r = -58 - -48. Let g(a) = 3 - 10*a**2 - 5*a + 43*a**3 + 7 - 44*a**3. Does 60 divide g(r)?
True
Let g(x) = x**2 + 43*x - 6. Is g(38) a multiple of 32?
True
Does 3 divide 3/(6 + 3) + -3 + (-1956)/(-18)?
False
Let i(n) = -2*n - 95. Let w(v) = -3*v - 94. Let d(g) = 4*i(g) - 5*w(g). Is d(-11) a multiple of 13?
True
Let n = -212 - -251. Let u = -11 + n. Does 3 divide u?
False
Does 2 divide (4/6)/(93/159867)?
True
Is 3643 + 24/(-9) + 52/(-39) a multiple of 32?
False
Let c(w) = -4*w + 29. Let h be c(16). Let p = 35 + h. Suppose 2*r - 2 - 70 = p. Is 12 a factor of r?
True
Let w be 96/(-48)*54/(-4). Suppose 0 = -w*i + 223 + 668. Is i a multiple of 6?
False
Let n(k) = k**3 - 35*k**2 + 51*k - 222. Is 6 a factor of n(36)?
True
Let v = 1507 + -199. Is 12 a factor of v?
True
Let s(d) = 0*d**2 - 44*d + 7 + d**2 + 2*d**2 + 36*d. Is s(-5) a multiple of 61?
True
Suppose 17*t = 11*t - 30*t. Suppose -5*m + 4*m - 4*j + 206 = t, 3*j = -3. Is 10 a factor of m?
True
Let z(n) = -5 + 2*n + 0*n - n**3 - 5 + 16*n**2. Let f = 303 + -288. Is 18 a factor of z(f)?
False
Let b be (-85)/(-17) - (-2)/(-1). Suppose -5*x - b = -2*x. Let f(t) = -105*t + 1. Is f(x) a multiple of 18?
False
Suppose -5 = 2*l + 1, 5*l + 210 = 5*q. Suppose -q = -4*f - 27. Suppose 2*j + 3*k = f + 4, -2*k = 3*j - 18. Is 3 a factor of j?
False
Suppose 2*k - 852 = -4*n + 4*k, -n + 210 = -2*k. Suppose 0 = i - 3, i + 923 = 3*r - n. Is r a multiple of 21?
False
Let d = -45892 - -64724. Is d a multiple of 16?
True
Let y(u